{"id":5,"date":"2023-08-30T20:15:53","date_gmt":"2023-08-30T20:15:53","guid":{"rendered":"https:\/\/josvainiuparapija.lt\/?page_id=5"},"modified":"2025-10-09T07:02:45","modified_gmt":"2025-10-09T07:02:45","slug":"skelbimai-ir-naujienos","status":"publish","type":"page","link":"https:\/\/josvainiuparapija.lt\/","title":{"rendered":"Naujienos"},"content":{"rendered":"\n<div class=\"wp-block-query is-layout-flow wp-block-query-is-layout-flow\"><ul class=\"wp-block-post-template is-layout-flow wp-block-post-template-is-layout-flow\"><li class=\"wp-block-post post-1047 post type-post status-publish format-standard hentry category-blog no-post-thumbnail\">\n<h2 class=\"wp-block-post-title\"><a href=\"https:\/\/josvainiuparapija.lt\/?p=1047\" target=\"_self\" >Motinos diena<\/a><\/h2>\n\n\n\n<div class=\"wp-block-post-excerpt\"><p class=\"wp-block-post-excerpt__excerpt\">Pirm\u0105 gegu\u017e\u0117s sekmadien\u012f pagerbiame Motinas: melsim\u0117s u\u017e gyv\u0105sias ir pra\u0161ysime Dangaus laim\u0117s mirusiosioms. Visi,&#8230; <\/p><\/div>\n\n\n<hr class=\"wp-block-separator has-css-opacity\"\/>\n\n<\/li><li class=\"wp-block-post post-1045 post type-post status-publish format-standard hentry category-blog no-post-thumbnail\">\n<h2 class=\"wp-block-post-title\"><a href=\"https:\/\/josvainiuparapija.lt\/?p=1045\" target=\"_self\" >\u0160v. Juozapo darbininko \u0161vent\u0117<\/a><\/h2>\n\n\n\n<div class=\"wp-block-post-excerpt\"><p class=\"wp-block-post-excerpt__excerpt\">Gegu\u017e\u0117s 1 d., penktadien\u012f, Ba\u017eny\u010dia pagerbs \u0161v. Juozap\u0105 Darbinink\u0105. Tai ir pirmasis m\u0117nesio penktadienis,&#8230; <\/p><\/div>\n\n\n<hr class=\"wp-block-separator has-css-opacity\"\/>\n\n<\/li><li class=\"wp-block-post post-1043 post type-post status-publish format-standard hentry category-blog no-post-thumbnail\">\n<h2 class=\"wp-block-post-title\"><a href=\"https:\/\/josvainiuparapija.lt\/?p=1043\" target=\"_self\" >Parapijie\u010di\u0173 piligrimyst\u0117 \u012f Krekenavos \u0161ventov\u0119<\/a><\/h2>\n\n\n\n<div class=\"wp-block-post-excerpt\"><p class=\"wp-block-post-excerpt__excerpt\">Kasmet pirm\u0105 gegu\u017e\u0117s \u0161e\u0161tadien\u012f ir pirm\u0105 spalio \u0161e\u0161tadien\u012f vyksta gyvojo ro\u017einio nari\u0173 susitikimas, bendra&#8230; <\/p><\/div>\n\n\n<hr class=\"wp-block-separator has-css-opacity\"\/>\n\n<\/li><li class=\"wp-block-post post-1033 post type-post status-publish format-standard hentry category-blog no-post-thumbnail\">\n<h2 class=\"wp-block-post-title\"><a href=\"https:\/\/josvainiuparapija.lt\/?p=1033\" target=\"_self\" >Postsovietin\u0117s Lietuvos grimasos parapij\u0173 at\u017evilgiu. Josvaini\u0173 pavyzdys<\/a><\/h2>\n\n\n\n<div class=\"wp-block-post-excerpt\"><p class=\"wp-block-post-excerpt__excerpt\">Josvainiuose ba\u017eny\u010dia veik\u0117 jau prie\u0161 1520 m. Taigi, parapijos istorija skai\u010diuoja vir\u0161 500 met\u0173&#8230;. <\/p><\/div>\n\n\n<hr class=\"wp-block-separator has-css-opacity\"\/>\n\n<\/li><li class=\"wp-block-post post-981 post type-post status-publish format-standard hentry category-blog no-post-thumbnail\">\n<h2 class=\"wp-block-post-title\"><a href=\"https:\/\/josvainiuparapija.lt\/?p=981\" target=\"_self\" >Velyk\u0173 \u0161ven\u010di\u0173 programa<\/a><\/h2>\n\n\n\n<div class=\"wp-block-post-excerpt\"><p class=\"wp-block-post-excerpt__excerpt\">Kovo 31 d., didysis antradienis, 11 val. velykin\u0117 talka ba\u017eny\u010dioje ir \u0161ventoriuje. Baland\u017eio 2&#8230; <\/p><\/div>\n\n\n<hr class=\"wp-block-separator has-css-opacity\"\/>\n\n<\/li><li class=\"wp-block-post post-1004 post type-post status-publish format-standard hentry category-blog no-post-thumbnail\">\n<h2 class=\"wp-block-post-title\"><a href=\"https:\/\/josvainiuparapija.lt\/?p=1004\" target=\"_self\" >Inkil\u0173 talka<\/a><\/h2>\n\n\n\n<div class=\"wp-block-post-excerpt\"><p class=\"wp-block-post-excerpt__excerpt\">\u0160.m. kovo 12 d. negausus b\u016brys parapijie\u010di\u0173 susirinko \u012f pavasarin\u0119 talk\u0105 &#8211; padarydinti inkilus&#8230;. <\/p><\/div>\n\n\n<hr class=\"wp-block-separator has-css-opacity\"\/>\n\n<\/li><li class=\"wp-block-post post-997 post type-post status-publish format-standard hentry category-blog no-post-thumbnail\">\n<h2 class=\"wp-block-post-title\"><a href=\"https:\/\/josvainiuparapija.lt\/?p=997\" target=\"_self\" >Sekuliarizmo rezultatas &#8211; demoni\u0161k\u0173 aps\u0117dim\u0173 epidemija<\/a><\/h2>\n\n\n\n<div class=\"wp-block-post-excerpt\"><p class=\"wp-block-post-excerpt__excerpt\">Vasario m\u0117nesio lenki\u0161ko \u017eurnalo \u201eEgzorcysta\u201c numeryje publikuojamas Tarptautin\u0117s egzorcist\u0173 asociacijos (A.I.E.) prezidento kunigo Francesco&#8230; <\/p><\/div>\n\n\n<hr class=\"wp-block-separator has-css-opacity\"\/>\n\n<\/li><li class=\"wp-block-post post-992 post type-post status-publish format-standard hentry category-blog no-post-thumbnail\">\n<h2 class=\"wp-block-post-title\"><a href=\"https:\/\/josvainiuparapija.lt\/?p=992\" target=\"_self\" >Renginys besiruo\u0161iantiems Sutvirtinimui<\/a><\/h2>\n\n\n\n<div class=\"wp-block-post-excerpt\"><p class=\"wp-block-post-excerpt__excerpt\">2026-03-28 vyks maldos renginys &#8222;U\u017etvirtink&#8221;, skirtas K\u0117daini\u0173 dekanato januoliams, besiruo\u0161iantiems \u0161iais metais priimti Sutvirtinimo&#8230; <\/p><\/div>\n\n\n<hr class=\"wp-block-separator has-css-opacity\"\/>\n\n<\/li><li class=\"wp-block-post post-979 post type-post status-publish format-standard hentry category-blog no-post-thumbnail\">\n<h2 class=\"wp-block-post-title\"><a href=\"https:\/\/josvainiuparapija.lt\/?p=979\" target=\"_self\" >Kovo m\u0117nesio ypatingesn\u0117s progos<\/a><\/h2>\n\n\n\n<div class=\"wp-block-post-excerpt\"><p class=\"wp-block-post-excerpt__excerpt\">Ba\u017eny\u010dia kvie\u010dia laikytis Gav\u0117nios rimties, pasninko, pasiruo\u0161ti dvasiniam atgimimui, \u012f kur\u012f veda Velyk\u0173 \u0161vent\u0117s&#8230;. <\/p><\/div>\n\n\n<hr class=\"wp-block-separator has-css-opacity\"\/>\n\n<\/li><li class=\"wp-block-post post-970 post type-post status-publish format-standard hentry category-blog no-post-thumbnail\">\n<h2 class=\"wp-block-post-title\"><a href=\"https:\/\/josvainiuparapija.lt\/?p=970\" target=\"_self\" >Vasario 16-osios min\u0117jimas<\/a><\/h2>\n\n\n\n<div class=\"wp-block-post-excerpt\"><p class=\"wp-block-post-excerpt__excerpt\">Visas \u0161viesiausias Josvaini\u0173 gyventoj\u0173 b\u016brys, sukviestas Kult\u016bros centro darbuotoj\u0173, drauge su seni\u016bnija ir parapija,&#8230; <\/p><\/div>\n\n\n<hr class=\"wp-block-separator has-css-opacity\"\/>\n\n<\/li><\/ul><\/div>\n\n\n\n<div class=\"wp-block-columns alignwide are-vertically-aligned-center is-style-twentytwentyone-columns-overlap is-layout-flex wp-container-core-columns-is-layout-9d6595d7 wp-block-columns-is-layout-flex\">\n<div class=\"wp-block-column is-vertically-aligned-center is-layout-flow wp-block-column-is-layout-flow\"><\/div>\n\n\n\n<div class=\"wp-block-column is-vertically-aligned-center is-layout-flow wp-block-column-is-layout-flow\">\n<div style=\"height:100px\" aria-hidden=\"true\" class=\"wp-block-spacer\"><\/div>\n<\/div>\n<\/div>\n\n\n\n<div class=\"wp-block-columns alignwide are-vertically-aligned-top is-layout-flex wp-container-core-columns-is-layout-9d6595d7 wp-block-columns-is-layout-flex\">\n<div class=\"wp-block-column is-vertically-aligned-top is-layout-flow wp-block-column-is-layout-flow\">\n<h2 class=\"wp-block-heading\">2025 m. rugpj\u016b\u010dio m\u0117nes\u012f toliau vargome su ba\u017eny\u010dios ilgame\u010diu apleistumu, byran\u010diais bok\u0161tais. <\/h2>\n\n\n\n<figure class=\"wp-block-embed is-type-wp-embed is-provider-josvaini-ir-pernaravos-parapijos-arav-ba-ny-ia wp-block-embed-josvaini-ir-pernaravos-parapijos-arav-ba-ny-ia\"><div class=\"wp-block-embed__wrapper\">\n<blockquote class=\"wp-embedded-content\" data-secret=\"Y3W4KR6lJW\"><a href=\"https:\/\/josvainiuparapija.lt\/?p=692\">Bok\u0161to avarin\u0117s b\u016bkl\u0117s likvidavimas<\/a><\/blockquote><iframe loading=\"lazy\" class=\"wp-embedded-content\" sandbox=\"allow-scripts\" security=\"restricted\" style=\"position: absolute; visibility: hidden;\" title=\"&#8220;Bok\u0161to avarin\u0117s b\u016bkl\u0117s likvidavimas&#8221; &#8212; Josvaini\u0173 ir Pernaravos parapijos, \u0160arav\u0173 ba\u017eny\u010dia\" src=\"https:\/\/josvainiuparapija.lt\/?p=692&#038;embed=true#?secret=8Dg4Q8Nrt5#?secret=Y3W4KR6lJW\" data-secret=\"Y3W4KR6lJW\" width=\"500\" height=\"282\" frameborder=\"0\" marginwidth=\"0\" marginheight=\"0\" scrolling=\"no\"><\/iframe>\n<\/div><\/figure>\n\n\n\n<h3 class=\"wp-block-heading\">V\u0117tros apgadintas stogas<\/h3>\n\n\n\n<p>2024 m. rugpj\u016b\u010dio prad\u017eioje pra\u016b\u017eusi audra neaplenk\u0117 ir Josvaini\u0173 ba\u017eny\u010dios. V\u0117tra apgadino ba\u017eny\u010dios stog\u0105 ir bok\u0161t\u0105. Pad\u0117tis reikalavo greito veikimo, kol neaps\u0117m\u0117 skliaut\u0173, nenuplov\u0117 sien\u0173 tapybos. Atsirado 5 stogo bei bok\u0161to pa\u017eeidimai. Ypatingai gr\u0117smingas buvo stogo lak\u0161to i\u0161pl\u0117\u0161imas, gal\u0117j\u0119s sukelti grandinin\u012f stogo lak\u0161t\u0173 netekim\u0105 per kitas v\u0117tras. Po pustre\u010dio m\u0117nesio pavyko sutvarkyti kritin\u012f stogo tr\u016bkum\u0105. Liko pritvirtinti bok\u0161to \u0161one atpl\u0117\u0161t\u0105 skard\u0105, kad galima b\u016bt\u0173 pasiruo\u0161ti \u017eiemai. Deja, stogui jau vir\u0161 110 met\u0173, kasmet jo b\u016bkl\u0117 prast\u0117ja.<\/p>\n\n\n\n<p>Vy\u017eoti josvainie\u010diai pastat\u0117 toki\u0105 diding\u0105 ba\u017eny\u010di\u0105 rankomis, skriemulio ir arkli\u0173 pagalba. Stogo taisymo klausimas dabar buvo toks sud\u0117tingas, atrod\u0117, kad  batuotiems parapijie\u010diams bus ne\u012fmanomas. <\/p>\n\n\n\n<figure class=\"wp-block-image size-large\"><img loading=\"lazy\" decoding=\"async\" width=\"768\" height=\"1024\" src=\"https:\/\/josvainiuparapija.lt\/wp-content\/uploads\/2024\/10\/IMG_20241015_143509-2-768x1024.jpg\" alt=\"\" class=\"wp-image-272\" srcset=\"https:\/\/josvainiuparapija.lt\/wp-content\/uploads\/2024\/10\/IMG_20241015_143509-2-768x1024.jpg 768w, https:\/\/josvainiuparapija.lt\/wp-content\/uploads\/2024\/10\/IMG_20241015_143509-2-225x300.jpg 225w, https:\/\/josvainiuparapija.lt\/wp-content\/uploads\/2024\/10\/IMG_20241015_143509-2-1152x1536.jpg 1152w, https:\/\/josvainiuparapija.lt\/wp-content\/uploads\/2024\/10\/IMG_20241015_143509-2.jpg 1200w\" sizes=\"auto, (max-width: 768px) 100vw, 768px\" \/><\/figure>\n\n\n\n<figure class=\"wp-block-image size-large\"><img loading=\"lazy\" decoding=\"async\" width=\"768\" height=\"1024\" src=\"https:\/\/josvainiuparapija.lt\/wp-content\/uploads\/2024\/10\/IMG_20241015_143509-4-768x1024.jpg\" alt=\"\" class=\"wp-image-273\" srcset=\"https:\/\/josvainiuparapija.lt\/wp-content\/uploads\/2024\/10\/IMG_20241015_143509-4-768x1024.jpg 768w, https:\/\/josvainiuparapija.lt\/wp-content\/uploads\/2024\/10\/IMG_20241015_143509-4-225x300.jpg 225w, https:\/\/josvainiuparapija.lt\/wp-content\/uploads\/2024\/10\/IMG_20241015_143509-4-1152x1536.jpg 1152w, https:\/\/josvainiuparapija.lt\/wp-content\/uploads\/2024\/10\/IMG_20241015_143509-4.jpg 1200w\" sizes=\"auto, (max-width: 768px) 100vw, 768px\" \/><\/figure>\n\n\n\n<figure class=\"wp-block-image size-large\"><img loading=\"lazy\" decoding=\"async\" width=\"768\" height=\"1024\" src=\"https:\/\/josvainiuparapija.lt\/wp-content\/uploads\/2024\/10\/IMG20241015134103-768x1024.jpg\" alt=\"\" class=\"wp-image-274\" srcset=\"https:\/\/josvainiuparapija.lt\/wp-content\/uploads\/2024\/10\/IMG20241015134103-768x1024.jpg 768w, https:\/\/josvainiuparapija.lt\/wp-content\/uploads\/2024\/10\/IMG20241015134103-225x300.jpg 225w, https:\/\/josvainiuparapija.lt\/wp-content\/uploads\/2024\/10\/IMG20241015134103-1152x1536.jpg 1152w, https:\/\/josvainiuparapija.lt\/wp-content\/uploads\/2024\/10\/IMG20241015134103-1536x2048.jpg 1536w, https:\/\/josvainiuparapija.lt\/wp-content\/uploads\/2024\/10\/IMG20241015134103-1568x2091.jpg 1568w, https:\/\/josvainiuparapija.lt\/wp-content\/uploads\/2024\/10\/IMG20241015134103-scaled.jpg 1920w\" sizes=\"auto, (max-width: 768px) 100vw, 768px\" \/><\/figure>\n\n\n\n<p>A\u010di\u016b tiems negausiems parapijie\u010diams, kurie atsiliep\u0117 \u012f kvietim\u0105 prisid\u0117ti prie stogo remonto. <\/p>\n<\/div>\n\n\n\n<div class=\"wp-block-column is-vertically-aligned-top is-layout-flow wp-block-column-is-layout-flow\">\n<h3 class=\"wp-block-heading\">Prabil\u0119 vargonai<\/h3>\n\n\n\n<p>Jau keli metai vamzdiniai Josvaini\u0173 ba\u017eny\u010dios vargonai tyl\u0117jo, nes buvo suged\u0119s or\u0105 pu\u010diantis variklis. Naudojami iki \u0161iol elektroniniai vargon\u0117liai. Patikrinus varikl\u012f ir jungtis buvo rastas gedimas, kur\u012f pa\u0161alinus, vargonai v\u0117l groja. \u017dinoma, yra susid\u0117v\u0117j\u0119, i\u0161siderin\u0119, tod\u0117l skamb\u0117jimo kokyb\u0117 n\u0117ra gera. Klaviat\u016bra yra labai kieta, i\u0161klypusi, ne visi klavi\u0161ai atsiliepia. Atidarius kontuar\u0105 (grie\u017eykl\u0105) konstatuota daugyb\u0117 mechanini\u0173 problem\u0173. Normaliau groja vos keli balsai, kiti yra i\u0161siderin\u0119. I\u0161 visko sprend\u017eiant, vargonai statyti greitai, taupant l\u0117\u0161as, ne\u012frengus vis\u0173 bals\u0173, tod\u0117l nuo pastatymo prad\u017eios n\u0117ra didel\u0117s vert\u0117s. Belieka tik\u0117tis, kad ka\u017ekada jie bus atnaujinti arba pakeisti kokybi\u0161kesniais.<\/p>\n\n\n\n<figure class=\"wp-block-video\"><video height=\"1920\" style=\"aspect-ratio: 1080 \/ 1920;\" width=\"1080\" controls src=\"https:\/\/josvainiuparapija.lt\/wp-content\/uploads\/2024\/09\/VID20240913101851.mp4\"><\/video><\/figure>\n\n\n\n<figure class=\"wp-block-video\"><video height=\"1920\" style=\"aspect-ratio: 1080 \/ 1920;\" width=\"1080\" controls src=\"https:\/\/josvainiuparapija.lt\/wp-content\/uploads\/2024\/09\/VID20240913102006.mp4\"><\/video><\/figure>\n\n\n\n<figure class=\"wp-block-image size-large\"><img loading=\"lazy\" decoding=\"async\" width=\"725\" height=\"1024\" src=\"https:\/\/josvainiuparapija.lt\/wp-content\/uploads\/2024\/08\/IMG_20240803_211915-725x1024.jpg\" alt=\"\" class=\"wp-image-70\" srcset=\"https:\/\/josvainiuparapija.lt\/wp-content\/uploads\/2024\/08\/IMG_20240803_211915-725x1024.jpg 725w, https:\/\/josvainiuparapija.lt\/wp-content\/uploads\/2024\/08\/IMG_20240803_211915-212x300.jpg 212w, https:\/\/josvainiuparapija.lt\/wp-content\/uploads\/2024\/08\/IMG_20240803_211915-768x1085.jpg 768w, https:\/\/josvainiuparapija.lt\/wp-content\/uploads\/2024\/08\/IMG_20240803_211915.jpg 1034w\" sizes=\"auto, (max-width: 725px) 100vw, 725px\" \/><\/figure>\n\n\n\n<p>I\u0161 R. Gu\u010do knygos &#8222;Lietuvos vargonai&#8221;. <\/p>\n<\/div>\n\n\n\n<div class=\"wp-block-column is-vertically-aligned-top is-layout-flow wp-block-column-is-layout-flow\">\n<h2 class=\"wp-block-heading\">Sniegenos \u0161ventoriuje<\/h2>\n\n\n\n<p>\u0160ventoriuje augan\u010di\u0173 klev\u0173 s\u0117klas m\u0117gsta \u012fvair\u016bs pauk\u0161\u010diai. Nuo vasario vidurio \u010dia pastoviai laikosi b\u016brelis juodagalvi\u0173 sniegen\u0173.<\/p>\n\n\n\n<figure class=\"wp-block-image size-large\"><img loading=\"lazy\" decoding=\"async\" width=\"1024\" height=\"768\" src=\"https:\/\/josvainiuparapija.lt\/wp-content\/uploads\/2025\/03\/7-1024x768.jpg\" alt=\"\" class=\"wp-image-472\" srcset=\"https:\/\/josvainiuparapija.lt\/wp-content\/uploads\/2025\/03\/7-1024x768.jpg 1024w, https:\/\/josvainiuparapija.lt\/wp-content\/uploads\/2025\/03\/7-300x225.jpg 300w, https:\/\/josvainiuparapija.lt\/wp-content\/uploads\/2025\/03\/7-768x576.jpg 768w, https:\/\/josvainiuparapija.lt\/wp-content\/uploads\/2025\/03\/7-1536x1152.jpg 1536w, https:\/\/josvainiuparapija.lt\/wp-content\/uploads\/2025\/03\/7-2048x1536.jpg 2048w, https:\/\/josvainiuparapija.lt\/wp-content\/uploads\/2025\/03\/7-1140x855.jpg 1140w\" sizes=\"auto, (max-width: 1024px) 100vw, 1024px\" \/><\/figure>\n\n\n\n<p><\/p>\n\n\n\n<figure class=\"wp-block-image size-large\"><img loading=\"lazy\" decoding=\"async\" width=\"1024\" height=\"768\" src=\"https:\/\/josvainiuparapija.lt\/wp-content\/uploads\/2025\/03\/8-1024x768.jpg\" alt=\"\" class=\"wp-image-473\" srcset=\"https:\/\/josvainiuparapija.lt\/wp-content\/uploads\/2025\/03\/8-1024x768.jpg 1024w, https:\/\/josvainiuparapija.lt\/wp-content\/uploads\/2025\/03\/8-300x225.jpg 300w, https:\/\/josvainiuparapija.lt\/wp-content\/uploads\/2025\/03\/8-768x576.jpg 768w, https:\/\/josvainiuparapija.lt\/wp-content\/uploads\/2025\/03\/8-1536x1152.jpg 1536w, https:\/\/josvainiuparapija.lt\/wp-content\/uploads\/2025\/03\/8-2048x1536.jpg 2048w, https:\/\/josvainiuparapija.lt\/wp-content\/uploads\/2025\/03\/8-1140x855.jpg 1140w\" sizes=\"auto, (max-width: 1024px) 100vw, 1024px\" \/><\/figure>\n\n\n\n<h2 class=\"wp-block-heading\">\u017dibut\u0117s \u017eiem\u0105<\/h2>\n\n\n\n<p>\u0160i\u0173 met\u0173 \u017eiema yra ne\u012fprastai \u0161ilta. Nebuvo rimt\u0173 \u0161al\u010di\u0173 ir sniego. D\u017eiaugiam\u0117s, jog sutaup\u0117me \u0161ildymui kuro. Josvaini\u0173 apylink\u0117se sausio pabaigoje pasirod\u0117 pirmosios \u017eibut\u0117s. Belieka pasveikinti su ankstyvu pavasariu&#8230;<\/p>\n\n\n\n<figure class=\"wp-block-image size-large\"><img loading=\"lazy\" decoding=\"async\" width=\"1024\" height=\"683\" src=\"https:\/\/josvainiuparapija.lt\/wp-content\/uploads\/2025\/01\/zibute-1024x683.jpeg\" alt=\"\" class=\"wp-image-426\" srcset=\"https:\/\/josvainiuparapija.lt\/wp-content\/uploads\/2025\/01\/zibute-1024x683.jpeg 1024w, https:\/\/josvainiuparapija.lt\/wp-content\/uploads\/2025\/01\/zibute-300x200.jpeg 300w, https:\/\/josvainiuparapija.lt\/wp-content\/uploads\/2025\/01\/zibute-768x512.jpeg 768w, https:\/\/josvainiuparapija.lt\/wp-content\/uploads\/2025\/01\/zibute-1536x1024.jpeg 1536w, https:\/\/josvainiuparapija.lt\/wp-content\/uploads\/2025\/01\/zibute-1140x760.jpeg 1140w, https:\/\/josvainiuparapija.lt\/wp-content\/uploads\/2025\/01\/zibute.jpeg 2048w\" sizes=\"auto, (max-width: 1024px) 100vw, 1024px\" \/><\/figure>\n\n\n\n<h3 class=\"wp-block-heading\">\u0160iaur\u0117s pa\u0161vaist\u0117<\/h3>\n\n\n\n<p>Pernaravos parapijos laukuose klebonas tapo liudininku ne\u012fprasto Lietuvai rei\u0161kinio &#8211;  \u0160iaur\u0117s pa\u0161vaist\u0117s. Buvo matoma plika akimi, ta\u010diau fotoaparatas leido geriau u\u017efiksuoti rei\u0161kin\u012f, jo m\u0105st\u0105 ir spalvas.<\/p>\n\n\n\n<figure class=\"wp-block-image size-large\"><img loading=\"lazy\" decoding=\"async\" width=\"1024\" height=\"683\" src=\"https:\/\/josvainiuparapija.lt\/wp-content\/uploads\/2024\/08\/3-1024x683.jpg\" alt=\"\" class=\"wp-image-101\" srcset=\"https:\/\/josvainiuparapija.lt\/wp-content\/uploads\/2024\/08\/3-1024x683.jpg 1024w, https:\/\/josvainiuparapija.lt\/wp-content\/uploads\/2024\/08\/3-300x200.jpg 300w, https:\/\/josvainiuparapija.lt\/wp-content\/uploads\/2024\/08\/3-768x512.jpg 768w, https:\/\/josvainiuparapija.lt\/wp-content\/uploads\/2024\/08\/3-1536x1024.jpg 1536w, https:\/\/josvainiuparapija.lt\/wp-content\/uploads\/2024\/08\/3-2048x1365.jpg 2048w, https:\/\/josvainiuparapija.lt\/wp-content\/uploads\/2024\/08\/3-1568x1045.jpg 1568w\" sizes=\"auto, (max-width: 1024px) 100vw, 1024px\" \/><\/figure>\n\n\n\n<p><\/p>\n\n\n\n<p>Parapijos dang\u0173 skrod\u0117 kometa C\/2023 A3 Tsuchinshan-ATLAS, kuri\u0105 giedr\u0105 spalio 17 vakar\u0105 buvo galima u\u017efiksuoti fotoaparatu.<\/p>\n\n\n\n<figure class=\"wp-block-image size-large is-resized\"><img loading=\"lazy\" decoding=\"async\" width=\"1024\" height=\"747\" src=\"https:\/\/josvainiuparapija.lt\/wp-content\/uploads\/2024\/10\/kometa1-1024x747.jpg\" alt=\"\" class=\"wp-image-275\" style=\"width:410px;height:auto\" srcset=\"https:\/\/josvainiuparapija.lt\/wp-content\/uploads\/2024\/10\/kometa1-1024x747.jpg 1024w, https:\/\/josvainiuparapija.lt\/wp-content\/uploads\/2024\/10\/kometa1-300x219.jpg 300w, https:\/\/josvainiuparapija.lt\/wp-content\/uploads\/2024\/10\/kometa1-768x560.jpg 768w, https:\/\/josvainiuparapija.lt\/wp-content\/uploads\/2024\/10\/kometa1-1536x1120.jpg 1536w, https:\/\/josvainiuparapija.lt\/wp-content\/uploads\/2024\/10\/kometa1-2048x1494.jpg 2048w, https:\/\/josvainiuparapija.lt\/wp-content\/uploads\/2024\/10\/kometa1-1568x1144.jpg 1568w\" sizes=\"auto, (max-width: 1024px) 100vw, 1024px\" \/><\/figure>\n<\/div>\n<\/div>\n\n\n\n<div class=\"wp-block-cover alignwide is-light is-style-twentytwentyone-border\"><span aria-hidden=\"true\" class=\"wp-block-cover__background has-green-background-color has-background-dim-100 has-background-dim\"><\/span><div class=\"wp-block-cover__inner-container is-layout-flow wp-block-cover-is-layout-flow\">\n<div style=\"height:20px\" aria-hidden=\"true\" class=\"wp-block-spacer\"><\/div>\n\n\n\n<p class=\"has-huge-font-size\"><mark style=\"background-color:rgba(0, 0, 0, 0)\" class=\"has-inline-color has-black-color\">Dienos mintis<\/mark><\/p>\n\n\n\n<p><mark style=\"background-color:rgba(0, 0, 0, 0)\" class=\"has-inline-color has-black-color\">I\u0161 pagoni\u0161ko \u017eiaurumo atsivertus \u012f krik\u0161\u010dioni\u0161k\u0105j\u012f gailestingum\u0105, i\u0161 gamtos garbinimo \u012f Dievo i\u0161pa\u017einim\u0105 buvo sukurta krik\u0161\u010dioni\u0161koji civilizacija. Ta civilizacija gimsta ir atsinaujina Dievo malon\u0117s \u012ftakoje, ypa\u010d sekmadienio Mi\u0161iose, maldoje, sakramentuose. Tu\u0161t\u0117jan\u010dios ba\u017eny\u010dios prana\u0161auja ateinan\u010dius sunkius laikus, pilnus nesusipratim\u0173, \u012ftamp\u0173 bei nu\u017emoginimo, nes nesimeld\u017eianti siela tampa nepaj\u0117gi i\u0161saugoti tos civilizacijos tvarkos bei dvasios.<\/mark><\/p>\n\n\n\n<div style=\"height:20px\" aria-hidden=\"true\" class=\"wp-block-spacer\"><\/div>\n<\/div><\/div>\n\n\n\n<p><\/p>\n","protected":false},"excerpt":{"rendered":"<p>2025 m. rugpj\u016b\u010dio m\u0117nes\u012f toliau vargome su ba\u017eny\u010dios ilgame\u010diu apleistumu, byran\u010diais bok\u0161tais. V\u0117tros apgadintas<span class=\"more-dots\">&#8230;<\/span><\/p>\n","protected":false},"author":1,"featured_media":0,"parent":0,"menu_order":0,"comment_status":"closed","ping_status":"closed","template":"","meta":{"footnotes":""},"class_list":["post-5","page","type-page","status-publish","hentry","no-post-thumbnail"],"_links":{"self":[{"href":"https:\/\/josvainiuparapija.lt\/index.php?rest_route=\/wp\/v2\/pages\/5","targetHints":{"allow":["GET"]}}],"collection":[{"href":"https:\/\/josvainiuparapija.lt\/index.php?rest_route=\/wp\/v2\/pages"}],"about":[{"href":"https:\/\/josvainiuparapija.lt\/index.php?rest_route=\/wp\/v2\/types\/page"}],"author":[{"embeddable":true,"href":"https:\/\/josvainiuparapija.lt\/index.php?rest_route=\/wp\/v2\/users\/1"}],"replies":[{"embeddable":true,"href":"https:\/\/josvainiuparapija.lt\/index.php?rest_route=%2Fwp%2Fv2%2Fcomments&post=5"}],"version-history":[{"count":56,"href":"https:\/\/josvainiuparapija.lt\/index.php?rest_route=\/wp\/v2\/pages\/5\/revisions"}],"predecessor-version":[{"id":805,"href":"https:\/\/josvainiuparapija.lt\/index.php?rest_route=\/wp\/v2\/pages\/5\/revisions\/805"}],"wp:attachment":[{"href":"https:\/\/josvainiuparapija.lt\/index.php?rest_route=%2Fwp%2Fv2%2Fmedia&parent=5"}],"curies":[{"name":"wp","href":"https:\/\/api.w.org\/{rel}","templated":true}]}}