{"id":7,"date":"2023-08-30T20:15:53","date_gmt":"2023-08-30T20:15:53","guid":{"rendered":"https:\/\/josvainiuparapija.lt\/?page_id=7"},"modified":"2026-03-23T10:21:21","modified_gmt":"2026-03-23T10:21:21","slug":"susisiekite","status":"publish","type":"page","link":"https:\/\/josvainiuparapija.lt\/?page_id=7","title":{"rendered":"Kontaktai ir aukojimas"},"content":{"rendered":"\n<p>Klebonas pasiekiamas el.adresu josvainiai.pernarava@gmail.com arba klebonas@josvainiuparapija.lt, tel.: 065602255.<\/p>\n\n\n\n<p>Josvaini\u0173 Vis\u0173 \u0160vent\u0173j\u0173 Parapija, <\/p>\n\n\n\n<p>Gojaus g. 2A<br>Josvainiai<br>58187 K\u0117daini\u0173 r.<\/p>\n\n\n\n<p>Juridinio asmens kodas 191247285<br>S\u0105skaita:LT977300010002521474<\/p>\n\n\n\n<p>Parapijoje galima paaukoti ir mok\u0117jimo kortele, kreipiantis \u012f klebon\u0105. <\/p>\n\n\n\n<p><\/p>\n","protected":false},"excerpt":{"rendered":"<p>Klebonas pasiekiamas el.adresu josvainiai.pernarava@gmail.com arba klebonas@josvainiuparapija.lt, tel.: 065602255. Josvaini\u0173 Vis\u0173 \u0160vent\u0173j\u0173 Parapija, Gojaus g.<span class=\"more-dots\">&#8230;<\/span><\/p>\n","protected":false},"author":1,"featured_media":0,"parent":0,"menu_order":0,"comment_status":"closed","ping_status":"closed","template":"","meta":{"footnotes":""},"class_list":["post-7","page","type-page","status-publish","hentry","no-post-thumbnail"],"_links":{"self":[{"href":"https:\/\/josvainiuparapija.lt\/index.php?rest_route=\/wp\/v2\/pages\/7","targetHints":{"allow":["GET"]}}],"collection":[{"href":"https:\/\/josvainiuparapija.lt\/index.php?rest_route=\/wp\/v2\/pages"}],"about":[{"href":"https:\/\/josvainiuparapija.lt\/index.php?rest_route=\/wp\/v2\/types\/page"}],"author":[{"embeddable":true,"href":"https:\/\/josvainiuparapija.lt\/index.php?rest_route=\/wp\/v2\/users\/1"}],"replies":[{"embeddable":true,"href":"https:\/\/josvainiuparapija.lt\/index.php?rest_route=%2Fwp%2Fv2%2Fcomments&post=7"}],"version-history":[{"count":17,"href":"https:\/\/josvainiuparapija.lt\/index.php?rest_route=\/wp\/v2\/pages\/7\/revisions"}],"predecessor-version":[{"id":1020,"href":"https:\/\/josvainiuparapija.lt\/index.php?rest_route=\/wp\/v2\/pages\/7\/revisions\/1020"}],"wp:attachment":[{"href":"https:\/\/josvainiuparapija.lt\/index.php?rest_route=%2Fwp%2Fv2%2Fmedia&parent=7"}],"curies":[{"name":"wp","href":"https:\/\/api.w.org\/{rel}","templated":true}]}}