{"id":766,"date":"2025-10-09T06:00:13","date_gmt":"2025-10-09T06:00:13","guid":{"rendered":"https:\/\/josvainiuparapija.lt\/?page_id=766"},"modified":"2026-04-15T07:36:06","modified_gmt":"2026-04-15T07:36:06","slug":"i-komunija","status":"publish","type":"page","link":"https:\/\/josvainiuparapija.lt\/?page_id=766","title":{"rendered":"I Komunija"},"content":{"rendered":"\n<p><\/p>\n\n\n\n<p>Pamok\u0117l\u0117s vyksta parapijos sal\u0117je klebonijos pastate Gojaus g. 2A, Josvainiai.<\/p>\n\n\n\n<p>I Komunijos \u0161vent\u0117s data &#8211; gegu\u017e\u0117s 31 d. 11 val. <\/p>\n\n\n\n<p>Katechet\u0117s Vidos tel. nr. 0 674 092 41. Parapijos el.p. adresas josvainiai.pernarava@gmail.com. <\/p>\n\n\n\n<p><\/p>\n\n\n\n<figure class=\"wp-block-image size-large is-resized\"><img loading=\"lazy\" decoding=\"async\" width=\"1024\" height=\"612\" src=\"https:\/\/josvainiuparapija.lt\/wp-content\/uploads\/2025\/05\/1Komunija2025-1024x612.jpg\" alt=\"\" class=\"wp-image-572\" style=\"width:760px;height:auto\" srcset=\"https:\/\/josvainiuparapija.lt\/wp-content\/uploads\/2025\/05\/1Komunija2025-1024x612.jpg 1024w, https:\/\/josvainiuparapija.lt\/wp-content\/uploads\/2025\/05\/1Komunija2025-300x179.jpg 300w, https:\/\/josvainiuparapija.lt\/wp-content\/uploads\/2025\/05\/1Komunija2025-768x459.jpg 768w, https:\/\/josvainiuparapija.lt\/wp-content\/uploads\/2025\/05\/1Komunija2025-1140x681.jpg 1140w, https:\/\/josvainiuparapija.lt\/wp-content\/uploads\/2025\/05\/1Komunija2025.jpg 1188w\" sizes=\"auto, (max-width: 1024px) 100vw, 1024px\" \/><\/figure>\n\n\n\n<p>2025 gegu\u017e\u0119 \u012fvykusi I Komunijos \u0161vent\u0117. <\/p>\n","protected":false},"excerpt":{"rendered":"<p>Pamok\u0117l\u0117s vyksta parapijos sal\u0117je klebonijos pastate Gojaus g. 2A, Josvainiai. I Komunijos \u0161vent\u0117s data<span class=\"more-dots\">&#8230;<\/span><\/p>\n","protected":false},"author":1,"featured_media":0,"parent":0,"menu_order":0,"comment_status":"closed","ping_status":"closed","template":"","meta":{"footnotes":""},"class_list":["post-766","page","type-page","status-publish","hentry","no-post-thumbnail"],"_links":{"self":[{"href":"https:\/\/josvainiuparapija.lt\/index.php?rest_route=\/wp\/v2\/pages\/766","targetHints":{"allow":["GET"]}}],"collection":[{"href":"https:\/\/josvainiuparapija.lt\/index.php?rest_route=\/wp\/v2\/pages"}],"about":[{"href":"https:\/\/josvainiuparapija.lt\/index.php?rest_route=\/wp\/v2\/types\/page"}],"author":[{"embeddable":true,"href":"https:\/\/josvainiuparapija.lt\/index.php?rest_route=\/wp\/v2\/users\/1"}],"replies":[{"embeddable":true,"href":"https:\/\/josvainiuparapija.lt\/index.php?rest_route=%2Fwp%2Fv2%2Fcomments&post=766"}],"version-history":[{"count":7,"href":"https:\/\/josvainiuparapija.lt\/index.php?rest_route=\/wp\/v2\/pages\/766\/revisions"}],"predecessor-version":[{"id":1029,"href":"https:\/\/josvainiuparapija.lt\/index.php?rest_route=\/wp\/v2\/pages\/766\/revisions\/1029"}],"wp:attachment":[{"href":"https:\/\/josvainiuparapija.lt\/index.php?rest_route=%2Fwp%2Fv2%2Fmedia&parent=766"}],"curies":[{"name":"wp","href":"https:\/\/api.w.org\/{rel}","templated":true}]}}